{"id":27052,"date":"2024-03-19T15:21:07","date_gmt":"2024-03-19T19:21:07","guid":{"rendered":"https:\/\/ecom.o-possum.com\/ovolttr\/?post_type=product&#038;p=27052"},"modified":"2026-04-09T14:01:49","modified_gmt":"2026-04-09T18:01:49","slug":"les-ninjas-cours-dagilite","status":"publish","type":"product","link":"https:\/\/ecom.o-volt.ca\/ovoltlasalle\/produit\/les-ninjas-cours-dagilite\/","title":{"rendered":"Les Ninjas &#8211; Cours d&#8217;agilit\u00e9"},"content":{"rendered":"<p><strong>C\u2019EST QUOI :<\/strong> Cours de Ninja<br \/>\n<strong>\u00c2GE :<\/strong> \u00c0 partir de 8 ans<br \/>\n<strong>GROUPE :<\/strong> 6 personnes maximum<br \/>\n<strong>HORAIRE :<\/strong> Session de 8 semaines, \u00e0 partir de la semaine du 30 mars jusqu\u2019\u00e0 la semaine du 18 mai.<\/p>\n<p>Jeudi de 18h45 \u00e0 19h45<\/p>\n<p>Dur\u00e9e : 1h<\/p>\n<p class=\"p1\"><b>PRIX :<\/b> 168$+tx<\/p>\n<p class=\"p1\"><b>DESCRIPTION DU COURS :<\/b>\u00a0Un m\u00e9lange de parkour, de gymnastique et d\u2019arts martiaux, sont con\u00e7us dans le but de d\u00e9velopper les habilet\u00e9s requises pour franchir les obstacles de type \u00ab Ninja Warrior \u00bb. Au terme de ce cours, le candidat aura am\u00e9lior\u00e9 sa vitesse, son agilit\u00e9 et son \u00e9quilibre, qualit\u00e9s essentielles \u00e0 la pratique de ce sport!<\/p>\n","protected":false},"excerpt":{"rendered":"<p>Cours agilit\u00e9 (8 \u00e0 15 ans)<\/p>\n","protected":false},"featured_media":32613,"template":"","meta":{"ocean_post_layout":"","ocean_both_sidebars_style":"","ocean_both_sidebars_content_width":0,"ocean_both_sidebars_sidebars_width":0,"ocean_sidebar":"0","ocean_second_sidebar":"0","ocean_disable_margins":"enable","ocean_add_body_class":"","ocean_shortcode_before_top_bar":"","ocean_shortcode_after_top_bar":"","ocean_shortcode_before_header":"","ocean_shortcode_after_header":"","ocean_has_shortcode":"","ocean_shortcode_after_title":"","ocean_shortcode_before_footer_widgets":"","ocean_shortcode_after_footer_widgets":"","ocean_shortcode_before_footer_bottom":"","ocean_shortcode_after_footer_bottom":"","ocean_display_top_bar":"default","ocean_display_header":"default","ocean_header_style":"","ocean_center_header_left_menu":"0","ocean_custom_header_template":"0","ocean_custom_logo":0,"ocean_custom_retina_logo":0,"ocean_custom_logo_max_width":0,"ocean_custom_logo_tablet_max_width":0,"ocean_custom_logo_mobile_max_width":0,"ocean_custom_logo_max_height":0,"ocean_custom_logo_tablet_max_height":0,"ocean_custom_logo_mobile_max_height":0,"ocean_header_custom_menu":"0","ocean_menu_typo_font_family":"0","ocean_menu_typo_font_subset":"","ocean_menu_typo_font_size":0,"ocean_menu_typo_font_size_tablet":0,"ocean_menu_typo_font_size_mobile":0,"ocean_menu_typo_font_size_unit":"px","ocean_menu_typo_font_weight":"","ocean_menu_typo_font_weight_tablet":"","ocean_menu_typo_font_weight_mobile":"","ocean_menu_typo_transform":"","ocean_menu_typo_transform_tablet":"","ocean_menu_typo_transform_mobile":"","ocean_menu_typo_line_height":0,"ocean_menu_typo_line_height_tablet":0,"ocean_menu_typo_line_height_mobile":0,"ocean_menu_typo_line_height_unit":"","ocean_menu_typo_spacing":0,"ocean_menu_typo_spacing_tablet":0,"ocean_menu_typo_spacing_mobile":0,"ocean_menu_typo_spacing_unit":"","ocean_menu_link_color":"","ocean_menu_link_color_hover":"","ocean_menu_link_color_active":"","ocean_menu_link_background":"","ocean_menu_link_hover_background":"","ocean_menu_link_active_background":"","ocean_menu_social_links_bg":"","ocean_menu_social_hover_links_bg":"","ocean_menu_social_links_color":"","ocean_menu_social_hover_links_color":"","ocean_disable_title":"default","ocean_disable_heading":"default","ocean_post_title":"","ocean_post_subheading":"","ocean_post_title_style":"","ocean_post_title_background_color":"","ocean_post_title_background":0,"ocean_post_title_bg_image_position":"","ocean_post_title_bg_image_attachment":"","ocean_post_title_bg_image_repeat":"","ocean_post_title_bg_image_size":"","ocean_post_title_height":0,"ocean_post_title_bg_overlay":0.5,"ocean_post_title_bg_overlay_color":"","ocean_disable_breadcrumbs":"default","ocean_breadcrumbs_color":"","ocean_breadcrumbs_separator_color":"","ocean_breadcrumbs_links_color":"","ocean_breadcrumbs_links_hover_color":"","ocean_display_footer_widgets":"default","ocean_display_footer_bottom":"default","ocean_custom_footer_template":"0"},"product_brand":[],"product_cat":[37,79],"product_tag":[],"class_list":{"0":"post-27052","1":"product","2":"type-product","3":"status-publish","4":"has-post-thumbnail","6":"product_cat-cours","7":"product_cat-agilite","9":"entry","10":"has-media","12":"first","13":"instock","14":"sold-individually","15":"taxable","16":"shipping-taxable","17":"purchasable","18":"product-type-variable","19":"has-product-nav","20":"col","21":"span_1_of_5","22":"owp-content-center","23":"owp-thumbs-layout-horizontal","24":"owp-btn-normal","25":"owp-tabs-layout-horizontal","26":"has-no-thumbnails","28":"circle-sale"},"exclude_global_add_ons":false,"addons":[{"name":"Pr\u00e9nom et nom de l'enfant","type":"custom_text","position":0,"required":true,"title_format":"label","default":"","description_enable":false,"description":"","placeholder_enable":false,"placeholder":"","display":"select","restrictions_type":"any_text","adjust_price":false,"price":"","price_type":"flat_fee","restrictions":false,"min":"0","max":"0","options":[],"id":1714036953},{"name":"Date de naissance de l'enfant","type":"datepicker","position":1,"required":true,"title_format":"label","default":"","description_enable":false,"description":"","placeholder_enable":false,"placeholder":"","display":"select","restrictions_type":"any_text","adjust_price":false,"price":"","price_type":"flat_fee","restrictions":false,"min":"0","max":"0","options":[],"id":1714036954},{"name":"N\u00b0 d'assurance maladie (sans espace)","type":"custom_text","position":2,"required":true,"title_format":"label","default":"","description_enable":false,"description":"","placeholder_enable":true,"placeholder":"ABCD12345678","display":"select","restrictions_type":"any_text","adjust_price":false,"price":"","price_type":"flat_fee","restrictions":true,"min":"12","max":"12","options":[],"id":1714036955},{"name":"Contact d'urgence (pr\u00e9nom, nom)","type":"custom_text","position":3,"required":true,"title_format":"label","default":"","description_enable":false,"description":"","placeholder_enable":false,"placeholder":"","display":"select","restrictions_type":"any_text","adjust_price":false,"price":"","price_type":"flat_fee","restrictions":false,"min":"0","max":"0","options":[],"id":1714036956},{"name":"N\u00b0 de t\u00e9l. en cas d'urgence","type":"custom_text","position":4,"required":true,"title_format":"label","default":"","description_enable":false,"description":"","placeholder_enable":true,"placeholder":"111-222-3333","display":"select","restrictions_type":"any_text","adjust_price":false,"price":"","price_type":"flat_fee","restrictions":true,"min":"12","max":"12","options":[],"id":1714036957},{"name":"Diagnostic m\u00e9dical en cas d'urgence et autres \u00e9tats de sant\u00e9","type":"custom_textarea","position":5,"required":false,"title_format":"label","default":"","description_enable":false,"description":"","placeholder_enable":false,"placeholder":"","display":"select","restrictions_type":"any_text","adjust_price":false,"price":"","price_type":"flat_fee","restrictions":false,"min":"0","max":"0","options":[],"id":1714036958},{"name":"Je comprends que le cours n'est pas remboursable","type":"checkbox","position":6,"required":true,"title_format":"label","default":"","description_enable":false,"description":"","placeholder_enable":false,"placeholder":"","display":"select","restrictions_type":"any_text","adjust_price":false,"price":"","price_type":"flat_fee","restrictions":false,"min":"0","max":"0","options":[{"label":"OUI","price":"","price_type":"flat_fee","image":0,"visibility":true}],"id":1714036959},{"name":"La d\u00e9charge a \u00e9t\u00e9 sign\u00e9e pour mon enfant","type":"checkbox","position":7,"required":true,"title_format":"label","default":"","description_enable":false,"description":"","placeholder_enable":false,"placeholder":"","display":"select","restrictions_type":"any_text","adjust_price":false,"price":"","price_type":"flat_fee","restrictions":false,"min":"0","max":"0","options":[{"label":"OUI","price":"","price_type":"flat_fee","image":0,"visibility":true}],"id":1714036960},{"name":"J'accepte de fournir les informations personelles ci-haut pour assurer le bon d\u00e9roulement du cours.","type":"checkbox","position":8,"required":true,"title_format":"label","default":"","description_enable":false,"description":"","placeholder_enable":false,"placeholder":"","display":"select","restrictions_type":"any_text","adjust_price":false,"price":"","price_type":"flat_fee","restrictions":false,"min":"0","max":"0","options":[{"label":"OUI","price":"","price_type":"flat_fee","image":0,"visibility":true}],"id":1714036961}],"yoast_head":"<!-- This site is optimized with the Yoast SEO plugin v27.6 - https:\/\/yoast.com\/product\/yoast-seo-wordpress\/ -->\n<title>Acheter un cours d&#039;agilit\u00e9 Les Ninjas | O-Volt LaSalle<\/title>\n<meta name=\"description\" content=\"Rejoignez les cours d&#039;agilit\u00e9 les ninjas \u00e0 O-Volt LaSalle. Apprenez \u00e0 vous d\u00e9passer et \u00e0 d\u00e9velopper votre agilit\u00e9 dans une ambiance conviviale.\" \/>\n<meta name=\"robots\" content=\"index, follow, max-snippet:-1, max-image-preview:large, max-video-preview:-1\" \/>\n<link rel=\"canonical\" href=\"https:\/\/ecom.o-volt.ca\/ovoltlasalle\/produit\/les-ninjas-cours-dagilite\/\" \/>\n<meta property=\"og:locale\" content=\"fr_CA\" \/>\n<meta property=\"og:type\" content=\"article\" \/>\n<meta property=\"og:title\" content=\"Acheter un cours d&#039;agilit\u00e9 Les Ninjas | O-Volt LaSalle\" \/>\n<meta property=\"og:description\" content=\"Rejoignez les cours d&#039;agilit\u00e9 les ninjas \u00e0 O-Volt LaSalle. Apprenez \u00e0 vous d\u00e9passer et \u00e0 d\u00e9velopper votre agilit\u00e9 dans une ambiance conviviale.\" \/>\n<meta property=\"og:url\" content=\"https:\/\/ecom.o-volt.ca\/ovoltlasalle\/produit\/les-ninjas-cours-dagilite\/\" \/>\n<meta property=\"og:site_name\" content=\"O-volt Lasalle\" \/>\n<meta property=\"article:modified_time\" content=\"2026-04-09T18:01:49+00:00\" \/>\n<meta property=\"og:image\" content=\"https:\/\/ecom.o-volt.ca\/ovoltlasalle\/wp-content\/uploads\/sites\/12\/2025\/12\/31.png\" \/>\n\t<meta property=\"og:image:width\" content=\"500\" \/>\n\t<meta property=\"og:image:height\" content=\"500\" \/>\n\t<meta property=\"og:image:type\" content=\"image\/png\" \/>\n<meta name=\"twitter:card\" content=\"summary_large_image\" \/>\n<meta name=\"twitter:label1\" content=\"Estimation du temps de lecture\" \/>\n\t<meta name=\"twitter:data1\" content=\"1 minute\" \/>\n<script type=\"application\/ld+json\" class=\"yoast-schema-graph\">{\"@context\":\"https:\\\/\\\/schema.org\",\"@graph\":[{\"@type\":\"WebPage\",\"@id\":\"https:\\\/\\\/ecom.o-volt.ca\\\/ovoltlasalle\\\/produit\\\/les-ninjas-cours-dagilite\\\/\",\"url\":\"https:\\\/\\\/ecom.o-volt.ca\\\/ovoltlasalle\\\/produit\\\/les-ninjas-cours-dagilite\\\/\",\"name\":\"Acheter un cours d'agilit\u00e9 Les Ninjas | O-Volt LaSalle\",\"isPartOf\":{\"@id\":\"https:\\\/\\\/ecom.o-volt.ca\\\/ovoltlasalle\\\/#website\"},\"primaryImageOfPage\":{\"@id\":\"https:\\\/\\\/ecom.o-volt.ca\\\/ovoltlasalle\\\/produit\\\/les-ninjas-cours-dagilite\\\/#primaryimage\"},\"image\":{\"@id\":\"https:\\\/\\\/ecom.o-volt.ca\\\/ovoltlasalle\\\/produit\\\/les-ninjas-cours-dagilite\\\/#primaryimage\"},\"thumbnailUrl\":\"https:\\\/\\\/ecom.o-volt.ca\\\/ovoltlasalle\\\/wp-content\\\/uploads\\\/sites\\\/12\\\/2025\\\/12\\\/31.png\",\"datePublished\":\"2024-03-19T19:21:07+00:00\",\"dateModified\":\"2026-04-09T18:01:49+00:00\",\"description\":\"Rejoignez les cours d'agilit\u00e9 les ninjas \u00e0 O-Volt LaSalle. Apprenez \u00e0 vous d\u00e9passer et \u00e0 d\u00e9velopper votre agilit\u00e9 dans une ambiance conviviale.\",\"breadcrumb\":{\"@id\":\"https:\\\/\\\/ecom.o-volt.ca\\\/ovoltlasalle\\\/produit\\\/les-ninjas-cours-dagilite\\\/#breadcrumb\"},\"inLanguage\":\"fr-CA\",\"potentialAction\":[{\"@type\":\"ReadAction\",\"target\":[\"https:\\\/\\\/ecom.o-volt.ca\\\/ovoltlasalle\\\/produit\\\/les-ninjas-cours-dagilite\\\/\"]}]},{\"@type\":\"ImageObject\",\"inLanguage\":\"fr-CA\",\"@id\":\"https:\\\/\\\/ecom.o-volt.ca\\\/ovoltlasalle\\\/produit\\\/les-ninjas-cours-dagilite\\\/#primaryimage\",\"url\":\"https:\\\/\\\/ecom.o-volt.ca\\\/ovoltlasalle\\\/wp-content\\\/uploads\\\/sites\\\/12\\\/2025\\\/12\\\/31.png\",\"contentUrl\":\"https:\\\/\\\/ecom.o-volt.ca\\\/ovoltlasalle\\\/wp-content\\\/uploads\\\/sites\\\/12\\\/2025\\\/12\\\/31.png\",\"width\":500,\"height\":500},{\"@type\":\"BreadcrumbList\",\"@id\":\"https:\\\/\\\/ecom.o-volt.ca\\\/ovoltlasalle\\\/produit\\\/les-ninjas-cours-dagilite\\\/#breadcrumb\",\"itemListElement\":[{\"@type\":\"ListItem\",\"position\":1,\"name\":\"Home\",\"item\":\"https:\\\/\\\/ecom.o-volt.ca\\\/ovoltlasalle\\\/\"},{\"@type\":\"ListItem\",\"position\":2,\"name\":\"Boutique\",\"item\":\"https:\\\/\\\/ecom.o-volt.ca\\\/ovoltlasalle\\\/boutique\\\/\"},{\"@type\":\"ListItem\",\"position\":3,\"name\":\"Les Ninjas &#8211; Cours d&#8217;agilit\u00e9\"}]},{\"@type\":\"WebSite\",\"@id\":\"https:\\\/\\\/ecom.o-volt.ca\\\/ovoltlasalle\\\/#website\",\"url\":\"https:\\\/\\\/ecom.o-volt.ca\\\/ovoltlasalle\\\/\",\"name\":\"O-volt Lasalle\",\"description\":\"\",\"potentialAction\":[{\"@type\":\"SearchAction\",\"target\":{\"@type\":\"EntryPoint\",\"urlTemplate\":\"https:\\\/\\\/ecom.o-volt.ca\\\/ovoltlasalle\\\/?s={search_term_string}\"},\"query-input\":{\"@type\":\"PropertyValueSpecification\",\"valueRequired\":true,\"valueName\":\"search_term_string\"}}],\"inLanguage\":\"fr-CA\"}]}<\/script>\n<!-- \/ Yoast SEO plugin. -->","yoast_head_json":{"title":"Acheter un cours d'agilit\u00e9 Les Ninjas | O-Volt LaSalle","description":"Rejoignez les cours d'agilit\u00e9 les ninjas \u00e0 O-Volt LaSalle. Apprenez \u00e0 vous d\u00e9passer et \u00e0 d\u00e9velopper votre agilit\u00e9 dans une ambiance conviviale.","robots":{"index":"index","follow":"follow","max-snippet":"max-snippet:-1","max-image-preview":"max-image-preview:large","max-video-preview":"max-video-preview:-1"},"canonical":"https:\/\/ecom.o-volt.ca\/ovoltlasalle\/produit\/les-ninjas-cours-dagilite\/","og_locale":"fr_CA","og_type":"article","og_title":"Acheter un cours d'agilit\u00e9 Les Ninjas | O-Volt LaSalle","og_description":"Rejoignez les cours d'agilit\u00e9 les ninjas \u00e0 O-Volt LaSalle. Apprenez \u00e0 vous d\u00e9passer et \u00e0 d\u00e9velopper votre agilit\u00e9 dans une ambiance conviviale.","og_url":"https:\/\/ecom.o-volt.ca\/ovoltlasalle\/produit\/les-ninjas-cours-dagilite\/","og_site_name":"O-volt Lasalle","article_modified_time":"2026-04-09T18:01:49+00:00","og_image":[{"width":500,"height":500,"url":"https:\/\/ecom.o-volt.ca\/ovoltlasalle\/wp-content\/uploads\/sites\/12\/2025\/12\/31.png","type":"image\/png"}],"twitter_card":"summary_large_image","twitter_misc":{"Estimation du temps de lecture":"1 minute"},"schema":{"@context":"https:\/\/schema.org","@graph":[{"@type":"WebPage","@id":"https:\/\/ecom.o-volt.ca\/ovoltlasalle\/produit\/les-ninjas-cours-dagilite\/","url":"https:\/\/ecom.o-volt.ca\/ovoltlasalle\/produit\/les-ninjas-cours-dagilite\/","name":"Acheter un cours d'agilit\u00e9 Les Ninjas | O-Volt LaSalle","isPartOf":{"@id":"https:\/\/ecom.o-volt.ca\/ovoltlasalle\/#website"},"primaryImageOfPage":{"@id":"https:\/\/ecom.o-volt.ca\/ovoltlasalle\/produit\/les-ninjas-cours-dagilite\/#primaryimage"},"image":{"@id":"https:\/\/ecom.o-volt.ca\/ovoltlasalle\/produit\/les-ninjas-cours-dagilite\/#primaryimage"},"thumbnailUrl":"https:\/\/ecom.o-volt.ca\/ovoltlasalle\/wp-content\/uploads\/sites\/12\/2025\/12\/31.png","datePublished":"2024-03-19T19:21:07+00:00","dateModified":"2026-04-09T18:01:49+00:00","description":"Rejoignez les cours d'agilit\u00e9 les ninjas \u00e0 O-Volt LaSalle. Apprenez \u00e0 vous d\u00e9passer et \u00e0 d\u00e9velopper votre agilit\u00e9 dans une ambiance conviviale.","breadcrumb":{"@id":"https:\/\/ecom.o-volt.ca\/ovoltlasalle\/produit\/les-ninjas-cours-dagilite\/#breadcrumb"},"inLanguage":"fr-CA","potentialAction":[{"@type":"ReadAction","target":["https:\/\/ecom.o-volt.ca\/ovoltlasalle\/produit\/les-ninjas-cours-dagilite\/"]}]},{"@type":"ImageObject","inLanguage":"fr-CA","@id":"https:\/\/ecom.o-volt.ca\/ovoltlasalle\/produit\/les-ninjas-cours-dagilite\/#primaryimage","url":"https:\/\/ecom.o-volt.ca\/ovoltlasalle\/wp-content\/uploads\/sites\/12\/2025\/12\/31.png","contentUrl":"https:\/\/ecom.o-volt.ca\/ovoltlasalle\/wp-content\/uploads\/sites\/12\/2025\/12\/31.png","width":500,"height":500},{"@type":"BreadcrumbList","@id":"https:\/\/ecom.o-volt.ca\/ovoltlasalle\/produit\/les-ninjas-cours-dagilite\/#breadcrumb","itemListElement":[{"@type":"ListItem","position":1,"name":"Home","item":"https:\/\/ecom.o-volt.ca\/ovoltlasalle\/"},{"@type":"ListItem","position":2,"name":"Boutique","item":"https:\/\/ecom.o-volt.ca\/ovoltlasalle\/boutique\/"},{"@type":"ListItem","position":3,"name":"Les Ninjas &#8211; Cours d&#8217;agilit\u00e9"}]},{"@type":"WebSite","@id":"https:\/\/ecom.o-volt.ca\/ovoltlasalle\/#website","url":"https:\/\/ecom.o-volt.ca\/ovoltlasalle\/","name":"O-volt Lasalle","description":"","potentialAction":[{"@type":"SearchAction","target":{"@type":"EntryPoint","urlTemplate":"https:\/\/ecom.o-volt.ca\/ovoltlasalle\/?s={search_term_string}"},"query-input":{"@type":"PropertyValueSpecification","valueRequired":true,"valueName":"search_term_string"}}],"inLanguage":"fr-CA"}]}},"_links":{"self":[{"href":"https:\/\/ecom.o-volt.ca\/ovoltlasalle\/wp-json\/wp\/v2\/product\/27052","targetHints":{"allow":["GET"]}}],"collection":[{"href":"https:\/\/ecom.o-volt.ca\/ovoltlasalle\/wp-json\/wp\/v2\/product"}],"about":[{"href":"https:\/\/ecom.o-volt.ca\/ovoltlasalle\/wp-json\/wp\/v2\/types\/product"}],"wp:featuredmedia":[{"embeddable":true,"href":"https:\/\/ecom.o-volt.ca\/ovoltlasalle\/wp-json\/wp\/v2\/media\/32613"}],"wp:attachment":[{"href":"https:\/\/ecom.o-volt.ca\/ovoltlasalle\/wp-json\/wp\/v2\/media?parent=27052"}],"wp:term":[{"taxonomy":"product_brand","embeddable":true,"href":"https:\/\/ecom.o-volt.ca\/ovoltlasalle\/wp-json\/wp\/v2\/product_brand?post=27052"},{"taxonomy":"product_cat","embeddable":true,"href":"https:\/\/ecom.o-volt.ca\/ovoltlasalle\/wp-json\/wp\/v2\/product_cat?post=27052"},{"taxonomy":"product_tag","embeddable":true,"href":"https:\/\/ecom.o-volt.ca\/ovoltlasalle\/wp-json\/wp\/v2\/product_tag?post=27052"}],"curies":[{"name":"wp","href":"https:\/\/api.w.org\/{rel}","templated":true}]}}